hat is u(t)?
-6
Let l(o) = 3 + o**2 + o**2 - 5*o + o**2 - 2*o**2. Calculate l(6).
9
Let h(k) = -1 + 14*k + 0*k**2 - 3*k**3 + 12*k**2 - 3*k - 4*k**3. Let c(i) = 3*i**3 - 6*i**2 - 5*i. Let q(o) = -9*c(o) - 4*h(o). Give q(-6).
-2
Let z = 1 + -2. Let c(i) = 14*i**3 - 4*i + 3*i + 7*i + 6*i**2. Let w(f) = -3*f**3 - f**2 - f. Let r(j) = 2*c(j) + 11*w(j). Give r(z).
5
Let z(t) be the first derivative of t**2/2 + t + 4. Suppose 2 = -0*i - 2*i. Calculate z(i).
0
Let t = -1 + 0. Let w = t + -3. Let z(r) = -2*r - 4. Give z(w).
4
Let q be ((-34)/(-10) - 3) + 26/10. Let s(z) = -z**3 + 4*z**2 - z - 3. What is s(q)?
3
Let z(w) be the first derivative of w**3/3 + w**2/2 + w - 4. Determine z(3).
13
Let i(x) = x**3 + x**2 - 2*x + 2. Suppose 3*s + 10 = 8*s. Determine i(s).
10
Let r(u) = -12 + u**2 + 10 + 1 - 7*u + 3. What is r(8)?
10
Let r(d) be the second derivative of -1/4*d**4 + 1/3*d**3 + 0 - 1/20*d**5 + 3*d + d**2. Determine r(-3).
-4
Let i(o) = -4*o - 7*o**3 + 0*o**2 + 6*o**3 + 1 + 0*o + o**2. Determine i(3).
-29
Suppose -3*i + 6 = -6. Let k(y) = -2*y + 6 - y - 4*y**2 + 0*y + y**3. Determine k(i).
-6
Let n(w) be the first derivative of -w**4/4 + 2*w**3 - 2*w**2 - 4*w + 20. Determine n(5).
1
Let p(o) = 5*o**3 + 4*o**2 - 3*o + 2. Let c(w) = 6*w**3 + 5*w**2 - 4*w + 3. Let k(a) = 3*c(a) - 4*p(a). What is k(-1)?
2
Suppose 0 = -2*s - 3*s - 3*x + 65, 4*x - 50 = -3*s. Let j be (8/s)/(2/(-40)). Let p = j - -11. Let g(u) = u**2 + 6*u + 2. Give g(p).
-3
Let y(z) be the second derivative of -1/2*z**4 - 1/2*z**2 + 0 - 6*z + 1/6*z**3. Give y(1).
-6
Let v(n) = -2*n**2 - 2*n - 1. Suppose -4*k = 3*x + 19, 2*k - 2*x = 10 - 2. Calculate v(k).
-1
Suppose 2*t - y + 17 = 0, -2*y - 2*y + 2 = 3*t. Let k(l) = l + 6. Let v be k(t). Let c(w) = 4*w**2 - w**3 + 0*w**2 + w + 1 + v*w**2 - 4*w. Give c(2).
3
Let u(x) be the first derivative of -x**4/4 - 2*x**3/3 + 2*x + 3. Determine u(-2).
2
Let b be -3 - (-2)/(-3)*3. Let c be b/(-4) - (-3)/(-12). Suppose 5*m + 6*h - 1 = 2*h, 0 = m + 2*h + c. Let y(l) = -5*l + 1. Calculate y(m).
-4
Let a(i) = i**3 + 6*i**2 - 6*i + 2. Let j be 9/(-24)*-4*(-14)/3. Calculate a(j).
-5
Let v(g) = 5*g**2 + 3*g. Let o(z) = -10*z**2 - 5*z. Let p = -6 - -11. Let x(j) = p*v(j) + 3*o(j). Let b be x(1). Let m(a) = -3*a - 7. Give m(b).
8
Let h(t) be the first derivative of -t**2 + 6*t - 6. Give h(4).
-2
Let a(j) = -3*j - 5. Let t(i) = i + 1. Let b(d) = a(d) + 4*t(d). What is b(7)?
6
Let s(c) be the first derivative of -c**4/4 - 8*c**3/3 + c**2/2 + 8*c - 1. What is s(-8)?
0
Let v(q) = 4*q**3 + q**2 - 1. Let u be v(1). Let h(t) = -t**3 + 4*t**2 + t + 2. Determine h(u).
6
Let d(y) = 30*y**2 - 13*y**2 - 32*y**2. What is d(-1)?
-15
Suppose -3*y - 3 = 3*m - 12, -4*y + 5*m + 21 = 0. Let i(t) = -t**2 + 5*t + 2. Give i(y).
6
Suppose 0 = 5*s - 5 - 5. Let v(g) be the second derivative of -1/6*g**3 + 0 + s*g + 1/2*g**2. Determine v(1).
0
Let o = -1 - -106. Let i be 9/(-12) + o/12. Let g(p) = -p + 3. Let n be g(i). Let r(l) = -l - 2. Calculate r(n).
3
Let r(h) = h**2 + 11*h + 1. Suppose -4*m - 4*a - 75 = m, -2*a = 10. Give r(m).
1
Let a(g) be the second derivative of -1/6*g**3 + 0*g**2 + 0 - g. Let b(h) = -8*h**2 + 4*h + 1. Let x(n) = 4*a(n) + b(n). What is x(-1)?
-7
Let w be 2/(-4)*(-14 - -6). Let f(m) = m**3 - 4*m**2 - 2*m - 5. Determine f(w).
-13
Let s(c) = -c**3 + 7*c**2 - 9*c + 6. Let j(q) = q**3 - 8*q**2 + 7*q + 6. Let z be j(7). Calculate s(z).
-12
Let u(p) = 2*p**2 - 4*p + 3. Suppose -2*c = -5*j - 1, -2*j = -c - j + 2. Calculate u(c).
9
Let m(x) = x**2 + x + 1. Let v(y) = 4*y**2 + 7*y + 3. Let f(i) = -3*m(i) + v(i). Suppose 5*j - 5*s - 17 = 3*j, 3*s + 35 = -5*j. Give f(j).
0
Let h be -1 + 1 - (-1 + 2). Let y = -1 + 7. Let z(l) = y*l**2 + 4*l + 0*l**2 - 3*l. What is z(h)?
5
Let j = -34 - -31. Let v(o) = o**2 + 2*o + 1. Determine v(j).
4
Let v(n) = 2*n - 1. Suppose -4*m - 12 = 8. Let q = -7 - m. Calculate v(q).
-5
Let b(p) = -p - 5. Suppose 0*w + 2 = w. Suppose -2*v = v - 3, 2*v = -3*o + w. What is b(o)?
-5
Let a(t) = -5*t - 4*t - 6*t**2 + 14*t + 2 - 9*t - t**3. Suppose 0*l + 20 = -4*l. Give a(l).
-3
Let d = -16 + 13. Let l(b) = b**2 + 3*b + 3. Give l(d).
3
Let r(k) = -8*k + 1. Let c = 10 - 10. Suppose c = -4*u - 4*q - 16, -13 = 2*u + 7*q - 4*q. Calculate r(u).
-7
Let q(y) = 11*y - 19. Let w(t) = 32*t - 54. Let f(u) = 17*q(u) - 6*w(u). What is f(2)?
-9
Let v(c) be the second derivative of c**3/6 - 4*c**2 + 3*c. Suppose -r - 4*r + 35 = 0. Determine v(r).
-1
Let j(d) = 3*d**2 + 2*d + 1. Suppose a - 3*a = 4. Let g be a/7 - 24/14. Give j(g).
9
Let n(q) = -2*q**2 - q + 2. Let w(b) = b**2 + 6*b + 6. Let u be w(-4). Give n(u).
-4
Let u = 31 - 2. Suppose 0 = -0*d - d + u. Suppose -5*c + d = 9. Let x(j) = j - 3. Calculate x(c).
1
Let r = -5 + 8. Let u = r + -3. Suppose 2*y + 0*b + 2*b = u, 2*y + 3*b - 2 = 0. Let v(q) = 2*q**2 + 4*q + 2. Give v(y).
2
Let f(m) = -2*m - 5. Let x be f(-4). Let p(t) = 2*t. Let o(i) = 3*i. Let b(z) = x*o(z) - 4*p(z). Determine b(-2).
-2
Suppose 4*v - 4*m - 16 = 0, -3*v = -8*v + 3*m + 16. Let z = v + -4. Let k(p) = -2*p + 2. Determine k(z).
6
Suppose -4*i + 2*f = 40, 10 = -i + 5*f - 3*f. Let w(l) = -l - 7. Calculate w(i).
3
Let m(k) be the second derivative of -1/20*k**5 + 0*k**4 + 0*k**3 + 0 + 2*k + 2*k**2. Give m(0).
4
Let q = -15 + 15. Let v(i) be the second derivative of 0 - 1/6*i**3 + 2*i + q*i**2 + 1/20*i**5 + 1/6*i**4. Determine v(-2).
2
Let h(n) = 4*n**3 + 8*n**2 - 10*n + 18. Let f(r) = r**3 + 3*r**2 - 3*r + 6. Let l(x) = 7*f(x) - 2*h(x). Calculate l(5).
1
Let y(p) be the third derivative of -p**4/24 - 5*p**3/6 - 10*p**2. Give y(-6).
1
Let w(q) = 5 + 0 - 4*q + 5*q. Let g(z) = -z**2 - 8*z - 3. Let m be g(-7). Suppose 3 = m*t + 19. Give w(t).
1
Suppose a = -5*f + 14, 0 = -0*f + f - 3*a + 10. Let r(j) = -j + j + 3 + j - f*j. Determine r(3).
0
Let p = 71 + -76. Let v(q) = -q - 1. Calculate v(p).
4
Let r(p) be the first derivative of -p**2/2 + p + 12. Let q be (-26)/4 - 1/(-2). Determine r(q).
7
Let w(z) be the third derivative of -z**7/720 - z**6/240 + z**5/60 + 3*z**2. Let q(a) be the third derivative of w(a). Let g be (4/6)/(14/(-42)). Give q(g).
11
Let o(y) = -y**3 - 6*y**2 - 5*y + 4. Let k be -2*(-2 - 3/(-6)). Suppose -k*w + w = 10. Give o(w).
4
Let t(b) = -b**3 + b - 2. Let f be (0/(-2))/(6*(-7)/42). Give t(f).
-2
Let z(w) be the second derivative of 1/6*w**3 + 0*w**2 + 0 - 3*w + 1/12*w**4. Give z(-2).
2
Let d(o) = o**3 + 5*o**2 + 3*o - 4. Suppose -15 = 4*p + p. Let u be d(p). Let a = u + -8. Let v(k) = -k**2 - k + 1. Calculate v(a).
-5
Let p(q) be the second derivative of 3*q + 0 + 0*q**4 + 0*q**3 + 1/20*q**5 + q**2. Determine p(2).
10
Let s(v) = 3*v - 6. Let l(w) = -4*w + 5. Let q(k) = -4*l(k) - 5*s(k). Give q(-8).
2
Suppose -5*l + d = -23, -2*l + l - d + 1 = 0. Suppose -3*h + 6*h + y = 5, 2*h - l*y = -6. Let m(n) = 3*n + h - 2 - 6 + 3. Give m(4).
8
Let y(n) = -5 + 26*n + 5 - 24*n. Let t be -1*1/(2/6). Determine y(t).
-6
Let f(b) = b**2 - 3*b + 1. Let o(x) = -13*x**2 + 2*x - 1. Let t be o(1). Let z be (10/(-3))/(8/t). Suppose -z*k + j = -7, 2*j - 13 = -4*k + 1. Give f(k).
-1
Let u(b) = b**3 + 6*b**2 + 4*b - 6. Let v be u(-5). Let q = v + 4. Let l(w) = 3*w**3 - w - 2*w**2 - 5*w**q + 1 + 3*w**3. Determine l(2).
-1
Let h(p) = p + 5. Suppose -2*j + 5*j = 18. Let o = -11 - -15. Suppose j*w = o*w. What is h(w)?
5
Let l(y) = y**3 - 7*y**2 + 11. Let n(b) = -b**3 + 7*b**2 - 12. Let z(w) = -6*l(w) - 5*n(w). Suppose 22*q - 189 = -5*q. Give z(q).
-6
Let k(w) be the first derivative of w**2/2 + 2*w - 23. Give k(-1).
1
Let z(l) = -2*l**2 + 1 + 4*l - 2*l**2 - 5*l. Suppose 4*a - 3 = i, -2*i + 5*i - 7 = -4*a. Let h be 1 + (-1)/a - -1. Calculate z(h).
-4
Suppose -d - 2*d = -24. Suppose 0*q - d = -q. Let r = -5 + q. Let x(y) = 3*y + 2. Determine x(r).
11
Let s(i) = -i**3 - 3*i**2 - 3*i + 2. Suppose 3 = 9*w - 10*w. Calculate s(w).
11
Suppose 2*m = -3*m. Suppose m = -4*k - 2 - 2. Let q be (-6)/k + (-6 - -3). Let l(u) = u**3 - 2*u**2 - u - 4. Determine l(q).
2
Suppose 2*n + 2*n = 32. Suppose -5*d + n = 2*q, -d - 16 = -5*q + 4. Let t(h) = 4*h - q + h - h**2 + 0 + 0*h. Give t(4).
0
Suppose -f + 18 = 2*m, -5*m + 3*f = -4*m + 5. Let p(q) = -q + 8. What is p(m)?
1
Let r(o) = -o**2 - 6*o + 2. Let h be r(-8). Let j = -13 - h. Let f(b) = 4*b**2. Give f(j).
4
Let w(y) = 3*